 the greatest common factor of 1467 and 6963849?
1467
What is the highest common divisor of 72 and 20408?
8
Calculate the greatest common factor of 272 and 672.
16
Calculate the highest common divisor of 288 and 51488.
32
What is the greatest common divisor of 15027 and 8?
1
Calculate the greatest common divisor of 64659 and 147.
21
Calculate the greatest common divisor of 9 and 1087.
1
What is the greatest common factor of 973 and 8617?
7
Calculate the greatest common factor of 3892 and 34664.
28
What is the greatest common divisor of 129240 and 120?
120
What is the highest common divisor of 156 and 14248?
52
Calculate the highest common divisor of 1644019 and 559.
559
What is the highest common factor of 22 and 1510498?
22
What is the highest common divisor of 200701 and 479?
479
What is the highest common divisor of 60000 and 8?
8
What is the highest common factor of 21164 and 812372?
1628
Calculate the greatest common divisor of 3520 and 11770.
110
Calculate the greatest common factor of 1599 and 9225.
123
What is the highest common factor of 2201 and 30175?
71
Calculate the greatest common divisor of 45625 and 219.
73
Calculate the greatest common factor of 294449 and 38179.
523
Calculate the highest common divisor of 931049 and 196.
49
Calculate the highest common factor of 476 and 47957.
119
What is the greatest common factor of 157 and 438187?
157
What is the greatest common factor of 220 and 209528?
44
Calculate the greatest common divisor of 1685 and 673663.
337
Calculate the greatest common divisor of 644472 and 48.
24
Calculate the highest common divisor of 10 and 1030870.
10
What is the highest common divisor of 3034401 and 19752?
2469
Calculate the highest common factor of 455354 and 322.
46
What is the greatest common factor of 712 and 148541?
89
Calculate the greatest common divisor of 502062 and 132.
66
Calculate the highest common factor of 37765 and 9545.
415
Calculate the greatest common factor of 15807 and 2805.
33
Calculate the highest common divisor of 88749 and 513.
513
Calculate the greatest common factor of 52384 and 168611.
1637
What is the highest common divisor of 741 and 962673?
57
Calculate the highest common divisor of 27261 and 10951.
233
Calculate the highest common factor of 1424 and 384925.
89
What is the greatest common factor of 1458 and 2332314?
486
What is the greatest common divisor of 1152 and 16?
16
Calculate the greatest common factor of 669 and 31443.
669
What is the greatest common divisor of 33 and 95403?
33
Calculate the highest common factor of 21168 and 64.
16
What is the greatest common factor of 1140 and 24852?
228
Calculate the highest common factor of 72870 and 420.
210
What is the highest common divisor of 256 and 221296?
16
Calculate the highest common divisor of 1368 and 14543208.
1368
What is the greatest common divisor of 272 and 2896?
16
Calculate the greatest common divisor of 121732 and 26.
26
What is the greatest common divisor of 889264 and 4?
4
What is the greatest common divisor of 75680 and 15695?
215
What is the highest common divisor of 5577 and 4290?
429
What is the highest common divisor of 1501535 and 175?
35
What is the highest common factor of 388 and 213109?
97
What is the highest common factor of 606902 and 86?
86
What is the highest common divisor of 228 and 319740?
12
What is the highest common factor of 25639642 and 122?
122
Calculate the greatest common factor of 172344 and 1118.
86
What is the highest common factor of 945852 and 23?
23
What is the highest common factor of 230 and 16580?
10
Calculate the highest common factor of 11698 and 1.
1
What is the highest common divisor of 39 and 110032?
13
Calculate the highest common divisor of 1831736 and 4.
4
Calculate the greatest common factor of 69 and 6407409.
69
What is the greatest common factor of 54112 and 801?
89
What is the greatest common divisor of 6034 and 322?
14
Calculate the greatest common divisor of 123622 and 3616.
226
What is the greatest common factor of 23780 and 9570?
290
What is the greatest common factor of 3145 and 9805?
185
Calculate the greatest common factor of 1519164 and 266.
38
What is the greatest common factor of 7889 and 266?
7
What is the greatest common factor of 162990 and 75?
15
What is the greatest common factor of 180 and 12438?
18
Calculate the greatest common factor of 17505 and 45.
45
What is the highest common divisor of 1904 and 280823?
17
Calculate the highest common factor of 791 and 259.
7
Calculate the highest common divisor of 87372 and 90.
18
What is the highest common divisor of 22488 and 3492?
12
What is the highest common divisor of 154 and 81235?
77
Calculate the greatest common factor of 17296 and 68.
4
What is the greatest common factor of 25990 and 4600?
230
What is the greatest common divisor of 8888 and 10296?
88
What is the greatest common divisor of 1634 and 24852?
38
Calculate the highest common divisor of 2133873 and 7.
7
Calculate the greatest common divisor of 14129 and 30447.
199
What is the highest common factor of 56 and 29610?
14
What is the greatest common divisor of 1425 and 31920?
285
What is the greatest common factor of 58 and 17038?
2
What is the highest common divisor of 48 and 409984?
16
What is the greatest common factor of 4790 and 170?
10
What is the greatest common factor of 7344 and 1717?
17
Calculate the highest common divisor of 667400 and 600.
200
What is the greatest common divisor of 8220 and 815972?
548
What is the highest common factor of 32 and 7480?
8
Calculate the greatest common divisor of 16226 and 37373.
133
What is the greatest common factor of 58604 and 26656?
196
What is the greatest common factor of 170 and 634355?
85
Calculate the highest common divisor of 242 and 1186306.
22
Calculate the highest common divisor of 15680 and 5978.
98
Calculate the highest common divisor of 22 and 382492.
22
Calculate the highest common factor of 377 and 1567189.
377
Calculate the greatest common divisor of 25 and 664575.
25
What is the greatest common divisor of 36521 and 87898?
619
What is the greatest common divisor of 238 and 25908?
34
Calculate the highest common divisor of 231768 and 432.
216
What is the highest common factor of 416027 and 287?
41
Calculate the highest common divisor of 896532 and 312.
156
What is the greatest common divisor of 2904 and 10368?
24
What is the greatest common divisor of 62325 and 50?
25
What is the greatest common factor of 345649 and 179?
179
Calculate the greatest common factor of 134555 and 697.
17
What is the highest common factor of 44343 and 1521?
117
What is the highest common divisor of 3499482 and 14?
14
Calculate the greatest common factor of 672145 and 4833.
179
What is the highest common factor of 928 and 638?
58
What is the highest common divisor of 1438785 and 135?
45
What is the highest common divisor of 1311 and 1863?
69
What is the greatest common factor of 61 and 60634?
61
What is the greatest common factor of 20 and 294572?
4
Calculate the highest common factor of 3477 and 1098.
183
What is the greatest common divisor of 29889 and 2009?
41
Calculate the highest common divisor of 91 and 212044.
7
What is the greatest common divisor of 1092 and 16042?
26
Calculate the highest common factor of 1285 and 1391141.
257
What is the highest common divisor of 4500 and 1900?
100
Calculate the greatest common factor of 1436 and 25489.
359
Calculate the highest common divisor of 528 and 23672.
88
Calculate the greatest common divisor of 2622 and 6003.
69
Calculate the highest common divisor of 20581 and 737.
11
Calculate the highest common divisor of 89 and 1048.
1
Calculate the highest common divisor of 5838 and 8062.
278
What is the greatest common divisor of 124 and 578?
2
Calculate the greatest common divisor of 1961634 and 6.
6
What is the highest common factor of 6394833 and 59?
59
What is the greatest common divisor of 132640 and 480?
160
Calculate the greatest common divisor of 16775 and 108702.
671
What is the greatest common factor of 231449 and 116?
29
Calculate the highest common divisor of 1623952 and 176.
176
Calculate the highest common factor of 367037 and 4923.
547
What is the highest common factor of 8976 and 6171?
561
What is the greatest common factor of 108382 and 564?